.
2, 5, 13, 17, 1301
List the prime factors of 1310969.
11, 119179
What are the prime factors of 434014?
2, 7, 29, 1069
List the prime factors of 4508.
2, 7, 23
List the prime factors of 1072390.
2, 5, 11, 9749
What are the prime factors of 38132432?
2, 13, 183329
What are the prime factors of 26557461?
3, 7, 1229
What are the prime factors of 76835?
5, 11, 127
List the prime factors of 8412090.
2, 3, 5, 43, 6521
What are the prime factors of 302870?
2, 5, 31, 977
What are the prime factors of 3748?
2, 937
What are the prime factors of 37087788?
2, 3, 653, 4733
List the prime factors of 2244709.
41, 53, 1033
What are the prime factors of 1222410?
2, 3, 5, 7, 5821
List the prime factors of 123880.
2, 5, 19, 163
List the prime factors of 355265.
5, 41, 1733
What are the prime factors of 3382924?
2, 109, 7759
What are the prime factors of 32547141?
3, 11, 53, 6203
List the prime factors of 548436.
2, 3, 7, 6529
What are the prime factors of 378102?
2, 3, 29, 41, 53
List the prime factors of 47893.
47, 1019
What are the prime factors of 1715820?
2, 3, 5, 28597
List the prime factors of 1777031.
1777031
List the prime factors of 1301566.
2, 7, 31, 2999
List the prime factors of 5715850.
2, 5, 7, 2333
List the prime factors of 209166.
2, 3, 71, 491
List the prime factors of 474380.
2, 5, 23719
What are the prime factors of 4754722?
2, 7, 37, 67, 137
What are the prime factors of 621447?
3, 59, 3511
List the prime factors of 366845.
5, 73369
List the prime factors of 8795859.
3, 359, 8167
List the prime factors of 924768.
2, 3, 13, 19
What are the prime factors of 74544?
2, 3, 1553
List the prime factors of 914923.
17, 53819
List the prime factors of 13282343.
2657, 4999
What are the prime factors of 242013?
3, 80671
List the prime factors of 18050722.
2, 19, 23, 1087
List the prime factors of 7671993.
3, 7, 365333
List the prime factors of 2110848.
2, 3, 23, 239
What are the prime factors of 629023?
629023
List the prime factors of 27425667.
3, 71, 331, 389
List the prime factors of 360423.
3, 7, 1907
List the prime factors of 1222725.
3, 5, 7, 17, 137
List the prime factors of 587798.
2, 293899
What are the prime factors of 17526?
2, 3, 23, 127
What are the prime factors of 5411477?
5411477
What are the prime factors of 18617624?
2, 43, 54121
What are the prime factors of 49477?
49477
List the prime factors of 157504.
2, 23, 107
List the prime factors of 640569.
3, 213523
List the prime factors of 25486779.
3, 8495593
List the prime factors of 5601076.
2, 13, 107713
What are the prime factors of 12543367?
12543367
List the prime factors of 1281069.
3, 17, 2791
What are the prime factors of 285701?
13, 21977
List the prime factors of 2587639.
2587639
List the prime factors of 14268.
2, 3, 29, 41
List the prime factors of 4815364.
2, 1203841
List the prime factors of 242060.
2, 5, 7, 13, 19
List the prime factors of 4919455.
5, 113, 8707
List the prime factors of 14650.
2, 5, 293
What are the prime factors of 8165264?
2, 179, 2851
What are the prime factors of 74705?
5, 67, 223
What are the prime factors of 1588557?
3, 529519
List the prime factors of 3596381.
3596381
List the prime factors of 4383381.
3, 1461127
List the prime factors of 8406973.
43, 195511
What are the prime factors of 2745134?
2, 7, 196081
What are the prime factors of 202212?
2, 3, 41, 137
What are the prime factors of 567941?
11, 51631
What are the prime factors of 251677?
251677
List the prime factors of 12488563.
23, 542981
What are the prime factors of 1657217?
1063, 1559
List the prime factors of 559177.
559177
List the prime factors of 237313.
237313
List the prime factors of 230507.
230507
List the prime factors of 234340.
2, 5, 11717
What are the prime factors of 2844104?
2, 355513
What are the prime factors of 83542?
2, 41771
List the prime factors of 37703.
37, 1019
What are the prime factors of 206387?
179, 1153
What are the prime factors of 2665159?
7, 109, 499
List the prime factors of 95049.
3, 59, 179
What are the prime factors of 139504?
2, 8719
What are the prime factors of 14152769?
227, 62347
What are the prime factors of 1856325?
3, 5, 53, 467
List the prime factors of 4997343.
3, 13, 97, 1321
List the prime factors of 4349098.
2, 13, 47, 3559
List the prime factors of 2522896.
2, 19, 43, 193
List the prime factors of 4660263.
3, 19, 27253
List the prime factors of 1590334.
2, 37, 21491
List the prime factors of 10284973.
41, 250853
What are the prime factors of 5549795?
5, 43, 83, 311
What are the prime factors of 2480555?
5, 7, 11, 17, 379
What are the prime factors of 310939?
239, 1301
List the prime factors of 5048956.
2, 11, 114749
What are the prime factors of 4730568?
2, 3, 53, 3719
What are the prime factors of 30082?
2, 13, 89
List the prime factors of 66280.
2, 5, 1657
What are the prime factors of 6794278?
2, 3397139
List the prime factors of 14255.
5, 2851
What are the prime factors of 178394?
2, 191, 467
What are the prime factors of 11229110?
2, 5, 53, 21187
What are the prime factors of 36173?
61, 593
What are the prime factors of 3293324?
2, 23, 35797
What are the prime factors of 4576588?
2, 1144147
What are the prime factors of 397483?
59, 6737
What are the prime factors of 175264?
2, 5477
List the prime factors of 22292214.
2, 3, 7, 530767
List the prime factors of 421401.
3, 19, 7393
What are the prime factors of 71833?
29, 2477
List the prime factors of 105939.
3, 79, 149
What are the prime factors of 402869?
402869
List the prime factors of 2129118.
2, 3, 73, 4861
List the prime factors of 163747.
373, 439
What are the prime factors of 4704666?
2, 3, 19, 41269
What are the prime factors of 2379415?
5, 89, 5347
What are the prime factors of 305187?
3, 23, 4423
What are the prime factors of 298143?
3, 157, 211
List the prime factors of 87733.
59, 1487
List the prime factors of 2226965.
5, 13, 34261
List the prime factors of 3211414.
2, 31, 51797
What are the prime factors of 115797?
3, 11, 29
List the prime factors of 1557396.
2, 3, 43261
What are the prime factors of 2079310?
2, 5, 207931
List the prime factors of 7098396.
2, 3, 53, 11161
List the prime factors of 9441847.
9441847
List the prime factors of 420163.
420163
List the prime factors of 8469766.
2, 769, 5507
List the prime factors of 24142025.
5, 31, 31151
List the prime factors of 12443245.
5, 31, 80279
List the prime factors of 442184.
2, 31, 1783
What are the prime factors of 712950?
2, 3, 5, 7, 97
List the prime factors of 255706.
2, 11, 59, 197
List the prime factors of 219279.
3, 19, 3847
List the prime factors of 8904904.
2, 83, 13411
What are the prime factors of 8562485?
5, 1712497
What are the prime factors of 448444?
2, 112111
List the prime factors of 430233.
3, 61, 2351
What are the prime factors of 288813?
3, 7, 17, 809
What are the prime factors of 833493?
3, 17, 59, 277
List the prime factors of 553322.
2, 7, 11, 3593
List the prime factors of 7072470.
2, 3, 5, 78583
List the prime factors of 233509.
233509
What are the prime factors of 617369?
617369
What are the prime factors of 19026626?
2, 179, 53147
What are the prime factors of 1209035?
5, 241807
List the prime factors of 56721.
3, 7, 37, 73
List the prime factors of 428950.
2, 5, 23, 373
What are the prime factors of 461750?
2, 5, 1847
List the prime factors of 1143448.
2, 37, 3863
What are the prime factors of 5374749?
3, 31, 57793
List the prime factors of 1440660.
2, 3, 5, 13, 1847
What are the prime factors of 1005703?
17, 59159
List the prime factors of 551116.
2, 29, 4751
List the prime factors of 3338470.
2, 5, 53, 6299
List the prime factors of 7288109.
7288109
List the prime factors of 6655373.
6655373
What are the prime factors of 211125?
3, 5, 563
List the prime factors of 25518310.
2, 5, 2551831
What are the prime factors of 18718865?
5, 11, 211, 1613
List the prime factors of 199477.
43, 4639
List the prime factors of 383663.
7, 23, 2383
What are the prime factors of 5601083?
5601083
What are the prime factors of 224209?
224209
List the prime factors of 1817452.
2, 7, 13, 4993
List the prime factors of 14340290.
2, 5, 31, 167, 277
List the prime factors of 215607.
3, 7, 10267
What are the prime factors of 12054358?
2, 131, 139, 331
List the prime factors of 5514.
2, 3, 919
What are the pri